7, 6569
List the prime factors of 122386694.
2, 3779, 16193
List the prime factors of 1611452588.
2, 23, 17515789
List the prime factors of 194931360.
2, 3, 5, 13, 89
What are the prime factors of 827814010?
2, 5, 82781401
What are the prime factors of 359961699?
3, 119987233
What are the prime factors of 58745091?
3, 173, 113189
List the prime factors of 200095063.
7, 2083, 13723
What are the prime factors of 382800423?
3, 127600141
List the prime factors of 908799070.
2, 5, 19, 1223, 3911
What are the prime factors of 39198237?
3, 13, 769, 1307
What are the prime factors of 54542724?
2, 3, 53, 191, 449
What are the prime factors of 47842652?
2, 11, 13, 83641
What are the prime factors of 8579109?
3, 7, 11, 37139
What are the prime factors of 669842300?
2, 5, 131, 51133
What are the prime factors of 1309577444?
2, 7, 67, 787, 887
What are the prime factors of 44352136?
2, 29, 191173
What are the prime factors of 359441945?
5, 43, 191, 8753
List the prime factors of 1292508719.
1292508719
List the prime factors of 1934356395.
3, 5, 128957093
List the prime factors of 53595483.
3, 17865161
What are the prime factors of 17689749?
3, 7, 11, 76579
List the prime factors of 2981761467.
3, 30893, 32173
What are the prime factors of 676792400?
2, 5, 103, 16427
List the prime factors of 97706249.
29, 3369181
What are the prime factors of 8366129?
8366129
What are the prime factors of 20374466?
2, 7, 17, 85607
List the prime factors of 56634000.
2, 3, 5, 9439
List the prime factors of 65703352.
2, 11, 13, 79, 727
List the prime factors of 379317599.
37, 821, 12487
List the prime factors of 922115774.
2, 67, 6881461
List the prime factors of 3172881237.
3, 1057627079
List the prime factors of 1247661692.
2, 311915423
List the prime factors of 1880578228.
2, 229, 839, 2447
What are the prime factors of 608863148?
2, 101, 439, 3433
What are the prime factors of 264213205?
5, 167, 316423
List the prime factors of 82500650.
2, 5, 29, 56897
List the prime factors of 814322515.
5, 8669, 18787
List the prime factors of 49481021.
49481021
What are the prime factors of 747437327?
7, 13, 67, 83, 211
List the prime factors of 68550778.
2, 34275389
What are the prime factors of 700157158?
2, 3617, 96787
What are the prime factors of 24765255?
3, 5, 727, 757
List the prime factors of 387085225.
5, 15483409
List the prime factors of 38812169.
11, 3528379
List the prime factors of 325328536.
2, 13, 3128159
What are the prime factors of 43998793?
23, 1912991
What are the prime factors of 2914845121?
2914845121
What are the prime factors of 232357315?
5, 163, 285101
List the prime factors of 3298675722.
2, 3, 59, 67, 139079
What are the prime factors of 216020272?
2, 13, 19, 47, 1163
List the prime factors of 40278243.
3, 431, 31151
What are the prime factors of 138513382?
2, 7, 17, 19, 30631
What are the prime factors of 1311505610?
2, 5, 71, 487, 3793
List the prime factors of 66672294.
2, 3, 13, 599, 1427
What are the prime factors of 272437043?
59, 4617577
What are the prime factors of 170213478?
2, 3, 23, 1233431
List the prime factors of 139617529.
19, 53, 138647
List the prime factors of 851968936.
2, 7, 13, 101, 11587
What are the prime factors of 9301627?
1931, 4817
List the prime factors of 378559225.
5, 11, 223, 6173
What are the prime factors of 100482952?
2, 23, 546103
List the prime factors of 21328506.
2, 3, 17, 47, 1483
List the prime factors of 11266442.
2, 11, 29, 17659
What are the prime factors of 1727018272?
2, 7, 7709903
List the prime factors of 102890398.
2, 13, 281, 14083
What are the prime factors of 104619370?
2, 5, 10461937
List the prime factors of 6084798.
2, 3, 37, 27409
What are the prime factors of 4249039?
127, 33457
What are the prime factors of 153172201?
7, 13, 47, 59, 607
List the prime factors of 252810687.
3, 23, 241, 661
What are the prime factors of 31177620?
2, 3, 5, 173209
List the prime factors of 473518189.
1901, 249089
What are the prime factors of 66793318?
2, 33396659
List the prime factors of 534636223.
11, 1699, 28607
List the prime factors of 234790835.
5, 113, 415559
List the prime factors of 128549829.
3, 23, 1863041
What are the prime factors of 134609833?
47, 60937
List the prime factors of 762854545.
5, 3373, 45233
List the prime factors of 602446418.
2, 7, 43031887
What are the prime factors of 649833038?
2, 71, 617, 7417
List the prime factors of 1740188309.
1740188309
List the prime factors of 32832816.
2, 3, 684017
What are the prime factors of 114870215?
5, 821, 27983
What are the prime factors of 650842016?
2, 11, 1848983
What are the prime factors of 1044752872?
2, 83, 409, 3847
List the prime factors of 32641234.
2, 331, 49307
What are the prime factors of 3414060055?
5, 7, 719, 19381
What are the prime factors of 72726120?
2, 3, 5, 67339
List the prime factors of 2673008251.
50753, 52667
What are the prime factors of 2220955650?
2, 3, 5, 17, 41, 73, 97
List the prime factors of 11140825.
5, 445633
List the prime factors of 176669228.
2, 37, 1193711
What are the prime factors of 63364139?
1409, 44971
List the prime factors of 432943098.
2, 3, 7, 10308169
List the prime factors of 3802838250.
2, 3, 5, 251, 20201
What are the prime factors of 343403476?
2, 13, 6603913
What are the prime factors of 8962831?
229, 39139
List the prime factors of 3122892431.
89, 35088679
List the prime factors of 39795502.
2, 41, 485311
What are the prime factors of 15013593?
3, 7, 26479
List the prime factors of 44686351.
41, 1039, 1049
What are the prime factors of 1637360544?
2, 3, 673, 25343
What are the prime factors of 18981213?
3, 137, 46183
What are the prime factors of 162255316?
2, 173, 234473
List the prime factors of 4854656114.
2, 7, 11, 37, 797, 1069
List the prime factors of 1933589706.
2, 3, 157, 631, 3253
What are the prime factors of 152512012?
2, 19, 1049, 1913
What are the prime factors of 170756086?
2, 149, 573007
List the prime factors of 102989590.
2, 5, 11, 563, 1663
What are the prime factors of 5401421739?
3, 7, 59, 107, 503
List the prime factors of 32722551.
3, 41, 71, 1249
List the prime factors of 5113485673.
67511, 75743
List the prime factors of 728433390.
2, 3, 5, 24281113
What are the prime factors of 291389559?
3, 367, 264659
What are the prime factors of 315895854?
2, 3, 811, 64919
List the prime factors of 193284597.
3, 11, 31, 188939
List the prime factors of 78495409.
17, 1447, 3191
What are the prime factors of 4592644038?
2, 3, 89, 2866819
What are the prime factors of 5718015992?
2, 13, 631, 87133
List the prime factors of 293611215.
3, 5, 23, 313, 2719
List the prime factors of 242784818.
2, 67, 1811827
What are the prime factors of 62697050?
2, 5, 13, 96457
List the prime factors of 1488021105.
3, 5, 929, 106783
What are the prime factors of 4000508498?
2, 7, 41, 6969527
List the prime factors of 1830245751.
3, 89, 2284951
List the prime factors of 1030058343.
3, 19, 2007911
List the prime factors of 724972934.
2, 7, 157, 47119
What are the prime factors of 2039731187?
13, 19, 43, 192047
What are the prime factors of 6025062750?
2, 3, 5, 7, 23, 41, 1217
What are the prime factors of 1219098245?
5, 243819649
List the prime factors of 215773268.
2, 31, 419, 4153
What are the prime factors of 249774454?
2, 2729, 45763
List the prime factors of 78258424.
2, 317, 30859
List the prime factors of 2984545028.
2, 797, 936181
What are the prime factors of 6879955236?
2, 3, 7, 11, 7445839
List the prime factors of 3492490697.
79, 593, 74551
List the prime factors of 6103937.
7, 47, 18553
List the prime factors of 3103298777.
43, 79, 271, 3371
List the prime factors of 11311228.
2, 541, 5227
List the prime factors of 668471570.
2, 5, 13, 5142089
What are the prime factors of 57785126?
2, 7, 673, 6133
What are the prime factors of 213575675?
5, 17, 19, 26449
List the prime factors of 179213499.
3, 619, 10723
List the prime factors of 1715186276.
2, 12973, 33053
List the prime factors of 3447821576.
2, 430977697
What are the prime factors of 282662571?
3, 23, 389, 10531
List the prime factors of 135413044.
2, 13, 37, 70381
List the prime factors of 910120319.
89, 10226071
List the prime factors of 1349406231.
3, 6091, 73847
What are the prime factors of 9930374?
2, 4965187
List the prime factor